vided by 77?
71
What is the remainder when 583 is divided by 194?
1
What is the remainder when 7779 is divided by 26?
5
Calculate the remainder when 87 is divided by 22.
21
What is the remainder when 436 is divided by 44?
40
Calculate the remainder when 146 is divided by 78.
68
Calculate the remainder when 146 is divided by 41.
23
What is the remainder when 896 is divided by 34?
12
What is the remainder when 115 is divided by 20?
15
Calculate the remainder when 665 is divided by 171.
152
Calculate the remainder when 283 is divided by 41.
37
Calculate the remainder when 1473 is divided by 34.
11
Calculate the remainder when 297 is divided by 30.
27
Calculate the remainder when 2045 is divided by 33.
32
Calculate the remainder when 19 is divided by 9.
1
Calculate the remainder when 475 is divided by 122.
109
Calculate the remainder when 82 is divided by 24.
10
Calculate the remainder when 2090 is divided by 1043.
4
What is the remainder when 57 is divided by 18?
3
What is the remainder when 1681 is divided by 211?
204
Calculate the remainder when 143 is divided by 22.
11
What is the remainder when 1827 is divided by 61?
58
What is the remainder when 1975 is divided by 32?
23
What is the remainder when 27 is divided by 3?
0
Calculate the remainder when 95 is divided by 45.
5
What is the remainder when 2959 is divided by 11?
0
What is the remainder when 7969 is divided by 10?
9
Calculate the remainder when 24 is divided by 3.
0
What is the remainder when 454 is divided by 121?
91
What is the remainder when 731 is divided by 86?
43
What is the remainder when 3257 is divided by 51?
44
Calculate the remainder when 99 is divided by 31.
6
What is the remainder when 188 is divided by 66?
56
What is the remainder when 966 is divided by 51?
48
What is the remainder when 173 is divided by 35?
33
What is the remainder when 191 is divided by 122?
69
Calculate the remainder when 264 is divided by 45.
39
Calculate the remainder when 7698 is divided by 11.
9
What is the remainder when 214 is divided by 44?
38
Calculate the remainder when 709 is divided by 8.
5
Calculate the remainder when 881 is divided by 74.
67
What is the remainder when 288 is divided by 21?
15
Calculate the remainder when 178 is divided by 26.
22
What is the remainder when 115 is divided by 4?
3
Calculate the remainder when 220 is divided by 58.
46
What is the remainder when 854 is divided by 179?
138
Calculate the remainder when 141 is divided by 42.
15
Calculate the remainder when 232 is divided by 39.
37
What is the remainder when 27 is divided by 15?
12
Calculate the remainder when 255 is divided by 89.
77
Calculate the remainder when 86 is divided by 24.
14
Calculate the remainder when 1183 is divided by 39.
13
Calculate the remainder when 936 is divided by 15.
6
Calculate the remainder when 15995 is divided by 86.
85
What is the remainder when 706 is divided by 7?
6
What is the remainder when 127 is divided by 15?
7
Calculate the remainder when 141 is divided by 7.
1
Calculate the remainder when 129 is divided by 48.
33
Calculate the remainder when 69 is divided by 32.
5
What is the remainder when 3350 is divided by 1667?
16
Calculate the remainder when 415 is divided by 26.
25
What is the remainder when 2931 is divided by 65?
6
What is the remainder when 13654 is divided by 6?
4
What is the remainder when 413 is divided by 52?
49
Calculate the remainder when 970 is divided by 134.
32
Calculate the remainder when 376 is divided by 38.
34
What is the remainder when 57 is divided by 13?
5
What is the remainder when 1644 is divided by 165?
159
Calculate the remainder when 238 is divided by 94.
50
What is the remainder when 58 is divided by 53?
5
What is the remainder when 244 is divided by 63?
55
What is the remainder when 64 is divided by 34?
30
Calculate the remainder when 115 is divided by 32.
19
Calculate the remainder when 708 is divided by 1.
0
What is the remainder when 1174 is divided by 21?
19
Calculate the remainder when 181 is divided by 23.
20
Calculate the remainder when 19303 is divided by 55.
53
What is the remainder when 4038 is divided by 10?
8
Calculate the remainder when 460 is divided by 58.
54
Calculate the remainder when 132 is divided by 68.
64
Calculate the remainder when 905 is divided by 21.
2
Calculate the remainder when 7772 is divided by 24.
20
What is the remainder when 241 is divided by 125?
116
Calculate the remainder when 930 is divided by 920.
10
Calculate the remainder when 1606 is divided by 534.
4
Calculate the remainder when 155 is divided by 35.
15
Calculate the remainder when 614 is divided by 14.
12
What is the remainder when 202 is divided by 29?
28
What is the remainder when 917 is divided by 23?
20
Calculate the remainder when 371 is divided by 22.
19
What is the remainder when 853 is divided by 272?
37
What is the remainder when 433 is divided by 141?
10
Calculate the remainder when 1148 is divided by 32.
28
Calculate the remainder when 120 is divided by 1.
0
What is the remainder when 59 is divided by 3?
2
What is the remainder when 143 is divided by 47?
2
Calculate the remainder when 526 is divided by 19.
13
What is the remainder when 59 is divided by 18?
5
Calculate the remainder when 143 is divided by 40.
23
Calculate the remainder when 243 is divided by 88.
67
What is the remainder when 531 is divided by 507?
24
Calculate the remainder when 293 is divided by 37.
34
Calculate the remainder when 717 is divided by 144.
141
Calculate the remainder when 232 is divided by 17.
11
Calculate the remainder when 153 is divided by 62.
29
What is the remainder when 68 is divided by 18?
14
Calculate the remainder when 470 is divided by 232.
6
Calculate the remainder when 31 is divided by 3.
1
Calculate the remainder when 124 is divided by 6.
4
Calculate the remainder when 1632 is divided by 38.
36
What is the remainder when 229 is divided by 59?
52
Calculate the remainder when 118 is divided by 53.
12
Calculate the remainder when 157 is divided by 56.
45
Calculate the remainder when 1087 is divided by 401.
285
What is the remainder when 4398 is divided by 96?
78
Calculate the remainder when 47 is divided by 8.
7
Calculate the remainder when 2412 is divided by 8.
4
Calculate the remainder when 198 is divided by 54.
36
Calculate the remainder when 5797 is divided by 29.
26
What is the remainder when 25075 is divided by 285?
280
Calculate the remainder when 19 is divided by 11.
8
What is the remainder when 5 is divided by 1?
0
What is the remainder when 1422 is divided by 235?
12
Calculate the remainder when 149 is divided by 49.
2
What is the remainder when 1359 is divided by 198?
171
Calculate the remainder when 1982 is divided by 69.
50
What is the remainder when 155 is divided by 43?
26
What is the remainder when 177 is divided by 45?
42
Calculate the remainder when 960 is divided by 37.
35
Calculate the remainder when 931 is divided by 876.
55
What is the remainder when 3020 is divided by 28?
24
What is the remainder when 4298 is divided by 2127?
44
Calculate the remainder when 327 is divided by 11.
8
What is the remainder when 393 is divided by 44?
41
What is the remainder when 2185 is divided by 186?
139
What is the remainder when 133 is divided by 29?
17
What is the remainder when 66 is divided by 21?
3
Calculate the remainder when 515 is divided by 180.
155
Calculate the remainder when 1069 is divided by 55.
24
Calculate the remainder when 17022 is divided by 32.
30
What is the remainder when 380 is divided by 124?
8
Calculate the remainder when 60 is divided by 11.
5
Calculate the remainder when 1323 is divided by 255.
48
Calculate the remainder when 232 is divided by 12.
4
Calculate the remainder when 406 is divided by 29.
0
Calculate the remainder when 719 is divided by 316.
87
Calculate the remainder when 373 is divided by 54.
49
Calculate the remainder when 1065 is divided by 12.
9
Calculate the remainder when 959 is divided by 13.
10
Calculate the remainder when 121 is divided by 62.
59
Calculate the remainder when 1542 is divided by 512.
6
What is the remainder when 5309 is divided by 16?
13
What is the remainder when 562 is divided by 30?
22
Calculate the remainder when 31952 is divided by 83.
80
What is the remainder when 127 is div